ors of b?
313
Let q = -590 - -1815. Suppose -5*o - q = -3440. List the prime factors of o.
443
Suppose 10 = -5*b, -3*b = -4*w - 2*b + 14. Suppose -3*y + 7*y - 188 = 0. Suppose y = 5*q + w*u - 19, 0 = -5*q + 3*u + 84. List the prime factors of q.
3, 5
List the prime factors of 7039 + ((-48)/80)/(2/10).
2, 1759
Let w(f) be the second derivative of -35*f**3/6 + 13*f**2 + 3*f - 7. List the prime factors of w(-12).
2, 223
Let a(v) = -v**2 - 28*v - 167. Let w be a(-10). Suppose -16100 = -w*l - 22*l. List the prime factors of l.
2, 5, 23
Let r = 9493 - 8059. List the prime factors of r.
2, 3, 239
Suppose -11 = 5*i - 2*b, 4*i = -2*b + 8 - 24. What are the prime factors of ((-90)/(-24))/(i/(-60))?
3, 5
Suppose -76 = r + 3*r. Suppose -50 = -5*s + 435. Let m = s + r. List the prime factors of m.
2, 3, 13
Let r = 52 - -52. Let n = -89 + r. Suppose n*m + 192 = 18*m. What are the prime factors of m?
2
Let m = -76 - -75. Let g(b) = -348*b + 2. Let r be g(m). Suppose i - 2*p = 3*p + 189, 0 = -2*i + 3*p + r. What are the prime factors of i?
13
Let v = 152 + -148. Suppose 0 = 4*j + 2*i - 718, -7*j + 736 = -3*j - v*i. What are the prime factors of j?
181
Let o(u) = -u**3 - 8*u**2 + 39*u + 14. Suppose j = 3*r - 9, j - 55 = 6*j - 5*r. List the prime factors of o(j).
2, 61
What are the prime factors of 0/2 + 6 + 19 + -29 - -7122?
2, 3559
Let f = -5 + 9. Suppose 5*y = 2*y + 5*v + 669, 2*y - 424 = -f*v. Suppose -5*z + 322 = -y. What are the prime factors of z?
2, 3
Suppose 348209 = 29*w - 364901. List the prime factors of w.
2, 5, 2459
Suppose 20600 + 12130 = 30*r. Suppose r = 14*p - 1639. What are the prime factors of p?
3, 5, 13
Let d(m) = 58*m**2 + 9*m - 7. Let n be d(1). What are the prime factors of 4/n - 43962/(-45)?
977
Suppose 0 = 3*w + d - 128, -w + 0*w = -4*d - 34. Let p be (-4 - w/(-6))/(-1 + 0). Let x(g) = g**3 + 4*g**2 - 3*g - 6. What are the prime factors of x(p)?
2, 3
Let n(h) = -4*h - 38*h + 9*h - 36 - 39 - 32*h. List the prime factors of n(-17).
2, 5, 103
Let g(i) = 141*i - 3. Suppose -k + 4*j = k - 14, 0 = -4*k - 2*j + 18. Let f be (3 + (3 - k))*(0 + 1). List the prime factors of g(f).
2, 3, 23
Suppose -16*q + 19 = -13. What are the prime factors of (8 - 35/4)/(q/(-608))?
2, 3, 19
Let j = 38873 - 19278. What are the prime factors of j?
5, 3919
Suppose -2*i = x - 14, 75 = 5*x + 4*i + i. Let p(t) = -24*t**2 - 2*t + t + 22*t**2 + x - t**3. List the prime factors of p(0).
2
Suppose 54*o + 4 = 53*o. Let b(j) = -17*j**3 - j**2 + 3*j + 1. Let i be b(3). List the prime factors of i/o - 3/6.
2, 3, 19
Let h = 5827 - 2799. What are the prime factors of h?
2, 757
Let n = -1301 - -1304. Let f = -3 + 6. Suppose 0 = -f*l, 0 = -n*g + l + 283 + 104. What are the prime factors of g?
3, 43
List the prime factors of -5 - (1 - -4 - (3552 - 19)).
13, 271
Let a = 120 - 100. List the prime factors of 2122/5 - (-7 - (-148)/a).
2, 53
What are the prime factors of (-221370)/20*6/(-9)?
47, 157
Let j(a) = -a**3 + 2*a**2 + a + 32. Let l be j(0). Let d = l - -286. What are the prime factors of d?
2, 3, 53
Let j(y) = 6*y + 92. Let x be j(-14). Let t(a) be the third derivative of 7*a**4/8 - 8*a**3/3 - 2*a**2. List the prime factors of t(x).
2, 19
Let p be 2/(-2*(-5)/10). Suppose 5*i + 102 = p*i. Let v = i - -80. List the prime factors of v.
2, 23
Let h(w) = -2*w**3 - 33*w**2 + 19*w + 16. Let l be h(-17). Let d = l + 1108. List the prime factors of d.
2, 5, 109
Let m(d) = 4004*d**2 + 37*d + 23. List the prime factors of m(-3).
2, 11, 19, 43
Let v = 79 - 30. Suppose 15*j = -4 + v. Suppose 18 = 2*a - j*y, -3*y + y + 23 = a. What are the prime factors of a?
3, 5
Let l be (2 + (-139)/4)/((-10)/(-40)). Let g = 204 + l. List the prime factors of g.
73
Let d be 4/18 - 20/90. Suppose 5*u - 10*u - 25 = d. List the prime factors of -4 - u*(0 + 9).
41
Let h be (2/13)/1 + 42798/(-182). Let y = h + 487. What are the prime factors of y?
2, 3, 7
Let z(t) = -5*t**3 + 73*t**2 - 10*t - 38. What are the prime factors of z(12)?
2, 857
Let p be (-2)/(2 - 4)*6. Suppose -5*c - 2*g - p = 0, 3*g + 9 = 3*c - 0*g. Suppose 5*s - 435 = -c*s. What are the prime factors of s?
3, 29
Suppose 2*m - 40 = 2. Suppose 2*o = p + o + 37, 0 = p - 5*o + m. Let s = -26 - p. List the prime factors of s.
3, 5
Suppose 309 = 3*r + 2*h, 0*r - 300 = -3*r + h. Let s = 607 + -384. Let g = s - r. What are the prime factors of g?
2, 61
Suppose 270*z - 276*z - 66 = 0. Let r(f) = -f**3 + 34*f - 36. What are the prime factors of r(z)?
3, 307
Let f = 35317 - 24968. What are the prime factors of f?
79, 131
Let l(f) = f**2 + 10*f - 17. Let u be l(-10). Let b = -22 - u. Let a(k) = -4*k + 6. What are the prime factors of a(b)?
2, 13
Let j = -1031 + 2629. Suppose j - 31448 = -50*s. List the prime factors of s.
3, 199
Suppose 3*r + 3*l = 255, -4*r = -2*l - 2*l - 300. List the prime factors of 27024/r - (22/(-10) + 2).
2, 13
Let f(r) = 26*r**3 + r**2 - 60*r + 359. List the prime factors of f(5).
2, 1667
Let s be (-40)/(-15)*114/4. Suppose -4*w - 12 = 8, 2*w + s = 2*i. What are the prime factors of (-4 + 0)*i/(-6)?
2, 11
Suppose 5*l - 9 = -5*i + 7*l, 2*l = -i + 9. Suppose z + 2 = 2*m, 13 = i*z + 1. Suppose m*p + q - 71 = 0, p - 5*q - 41 = -2*p. List the prime factors of p.
2, 11
Let p be -1*(-4)/(-2)*-2. Let s be (-6)/((-129)/30 + p). Suppose 18*w + 112 = s*w. List the prime factors of w.
2, 7
Let j(m) = 576*m**3 + 11*m**2 - 78*m + 122. What are the prime factors of j(5)?
13, 29, 191
Let x = -14116 + 38735. List the prime factors of x.
7, 3517
Let w = 267 - 267. Suppose w = -36*d + 6020 + 21304. What are the prime factors of d?
3, 11, 23
Let x be (-52)/(-5)*(-405)/(-54). Suppose 9*b = 6*b + x. List the prime factors of b.
2, 13
Suppose 2*t = -5*y - 102, -122 = 5*y - 8*t + 5*t. Let g(v) = v**3 + 22*v**2 - v + 75. What are the prime factors of g(y)?
97
Let m = -7 - -13. Let o(y) = -y**3 - 1. Let q(v) = 5*v**3 - 8*v**2 - 6*v - 7. Let r(p) = -4*o(p) - q(p). What are the prime factors of r(m)?
7, 17
Let m = 14244 + -7016. List the prime factors of m.
2, 13, 139
Suppose 142*s - 136*s = 61896. What are the prime factors of s?
2, 2579
Suppose -55*j + 1640584 = 259589. What are the prime factors of j?
7, 17, 211
Let g be 52*((-495)/60 + 4). Let x = -349 - -669. Let u = x + g. What are the prime factors of u?
3, 11
Suppose -142729 = -3*l + 2*n, 3*l = 5*l - 7*n - 95164. List the prime factors of l.
5, 11, 173
What are the prime factors of (-12)/8 - (10/(180/(-673479)) + 10)?
2, 3, 1039
Suppose 4*n = c + 9170, n + 11*c = 8*c + 2286. List the prime factors of n.
2, 3, 191
Let x = -390 - -29555. What are the prime factors of x?
5, 19, 307
What are the prime factors of 5139162/(-378)*(-9)/(3 - 0)?
40787
Let x = 328 - 217. Let h = x + 371. What are the prime factors of h?
2, 241
Suppose -49*f + 46*f + 24 = 0. Suppose 0 = -40*w + f*w + 33056. List the prime factors of w.
1033
Suppose -2 = 4*j - 82. Suppose 4*c + c = j, o - 4*c - 357 = 0. List the prime factors of o.
373
Suppose -5*o - 3*c = -8697, -62*o = -67*o + 5*c + 8745. List the prime factors of o.
3, 7, 83
Let q(t) = t**2 + t - 7. Let d be q(3). Suppose 3*g - 2*g + 11 = 3*f, -4*f = -d*g - 33. Suppose f = -4*r + 166. What are the prime factors of r?
41
Suppose 88030 = 2*r - u, 14*u - 9*u = 3*r - 132059. List the prime factors of r.
3, 17, 863
Let g(a) = a**3 - 8*a**2 - 11*a + 20. Let q be g(9). Suppose 2*l + 5*v = 6*l + 600, q*v = 8. Let p = 253 + l. List the prime factors of p.
2, 3
Suppose 260*c - 3159510 = -25*c. What are the prime factors of c?
2, 23, 241
Suppose 2*s = -4*i - 26, -8*s + 3*s - 32 = -i. List the prime factors of s/((-252)/9536) - 2/(-18).
5, 53
Suppose 19 = 4*b - 129. Let h = b + 31. Suppose -h = -3*k + 76. List the prime factors of k.
2, 3
Let j(u) = u**3 - 31*u**2 - 25*u - 1080. List the prime factors of j(41).
5, 17, 173
Let l(f) = 6*f**3 + 35*f**2 - 20*f + 11. What are the prime factors of l(11)?
2, 3, 7, 11, 13
List the prime factors of 4170/(-2919) - 296201/(-7).
17, 19, 131
Let r(u) = -75*u + 2039. List the prime factors of r(-64).
7, 977
What are the prime factors of 54803610/4848 - 6/16?
2, 3, 157
Suppose -2*w - 107952 = -125*q + 123*q, -5*w - 323855 = -6*q. What are the prime factors of q?
5, 17, 127
Let s(x) = -364*x + 36. What are the prime factors of s(-2)?
2, 191
List th